u - 73 = -r. Calculate the greatest common divisor of u and k.
4
Let f be ((-12)/(-27))/(-4) - (-66968)/72. Let a = f + -898. What is the highest common factor of 28 and a?
4
Let s = 1311 + -1128. Let y be (-6)/8 - 247/(-4). What is the greatest common factor of y and s?
61
Let k = 17888 - 3169. Calculate the greatest common divisor of 82 and k.
41
Let o(v) = -v**3 + 5*v**2 + 7. Let w be o(5). Suppose -12*y + 632 + 964 = 0. Calculate the highest common factor of y and w.
7
Suppose 2178 - 3498 = -15*f. Suppose 21 = 2*a - 5*w, 3 = 2*a + 4*w - 9. What is the highest common factor of a and f?
8
Let q(n) = -n**3 - 7*n**2 + 4*n + 13. Let v be q(-8). Let o be (3/(-6))/((-7)/1722). Let z = o - 118. Calculate the highest common divisor of v and z.
5
Suppose -34 = -5*p + p - 3*c, 3*p + 4*c - 22 = 0. Let z be (212/(-530))/((-4)/50). What is the highest common divisor of z and p?
5
Suppose -2*l + 18 = -5*o + 6, -2*o = 2*l - 12. Suppose 9*m - l*m + 2*g - 106 = 0, 0 = -4*m - g + 138. Calculate the highest common divisor of 4 and m.
2
Suppose 3*q + 6 = z, 4*z + 1 = -3*q - 5. Suppose z = x - c - 81, -5*x + 4*c + 177 = -231. Calculate the greatest common divisor of 28 and x.
28
Let p = -132 + 66. Let s = p + 79. Let n be (5 + (0 - (-2)/(-1)))*s. Calculate the highest common divisor of n and 52.
13
Let u be 1*(-8 + 684) + -1 + -8. Calculate the greatest common factor of 92 and u.
23
Suppose 910 = -18353*j + 18366*j. Calculate the greatest common factor of j and 1110.
10
Suppose 4*c - 28 = -2*i, 0*i = -3*i + 5*c - 13. Let s be 24*(i + 27/(-6)). Let w be -3*(0 - (-20)/s). What is the highest common factor of 35 and w?
5
Let a(l) = -41*l + 167. Let d be a(4). Let g be 24/(-9)*(5 - 145/20). Calculate the greatest common factor of d and g.
3
Let t = -243 - -155. Let w = -74 - t. Suppose 7*y - 14 = w. What is the highest common divisor of 20 and y?
4
Let u be 49 + (-1)/(-2)*2. Suppose -8*h = 17*k - 5*h - 401, 2*k - 42 = -h. What is the greatest common factor of u and k?
25
Let f = 2075 - 2024. Calculate the highest common factor of f and 561.
51
Suppose 4*k - 3*y = -2*y + 14, 3*k = -y + 14. Let s be (-8)/((-24)/(-21)) - -6 - -129. Calculate the greatest common factor of s and k.
4
Let x be (3 + 6)*(-3)/(-9) - -4. Suppose -4*u = -37 - x. Let k be (-33)/(2 + 21/(-9)). Calculate the greatest common factor of k and u.
11
Suppose 226*p - 930352 = 6678390. Calculate the greatest common factor of 257 and p.
257
Suppose 25*w + 19*w - 28*w = 57152. What is the greatest common divisor of 4 and w?
4
Suppose 195*c = 191*c + 32. Suppose 0 = c*d - 74 - 30. Calculate the highest common divisor of d and 39.
13
Let t = 39 + -75. Let w = t + 48. Calculate the greatest common factor of w and 60.
12
Let i be ((-212)/(-6))/(46/69). What is the highest common factor of 2279 and i?
53
Let w be (-465)/6*(-4)/(-40)*-8. Suppose n - 2*i - 30 = -6, -3*n = 4*i - w. What is the greatest common factor of 242 and n?
22
Let s be (-7 - -10 - 8)*(0 + -1). Let n = 32 - 27. Suppose -2*f + 30 = n*d, -3*f = s*d - 39 + 4. What is the highest common factor of f and 5?
5
Let v(o) = 2*o**2 + 7*o - 26. Let i be v(3). Suppose 38*t = i*t + 625. What is the highest common factor of t and 125?
25
Let f = 400 + -360. Calculate the highest common divisor of f and 176.
8
Suppose -33*c = -28*c - 650. What is the highest common divisor of c and 310?
10
Let i be (3/(-6))/(2/(-4)). Suppose -j - x + i = 0, -3*j - 2*j + 2*x = -12. Let a = -94811 + 94815. What is the highest common factor of j and a?
2
Let r be (1 - -8)*20/(-45)*-3. Suppose -r*c = c - 52. What is the highest common divisor of c and 6?
2
Let i be -2*(-3)/(-6) - -195. Let j = 432 - i. Let p be (-3)/(-9) - (-22 + 525/(-45)). What is the greatest common factor of p and j?
34
Let o be (2/3)/(-2 + 175/87). Suppose -2*i = -3*v + 42 + o, 28 = v + 2*i. Let q be -1 + 0 + (3 - -254). Calculate the greatest common factor of q and v.
32
Let v = -1 + 78. Let q = 135 + -85. Suppose 5*y - 3*o - q = -2*o, 2*y - 5*o + 3 = 0. Calculate the highest common divisor of y and v.
11
Suppose 8*w = 5*w + 5*d - 6, -4*w + 5*d + 2 = 0. Calculate the highest common factor of w and 148.
4
Let d be ((-42)/(-9))/((-2)/(-30)). Let b = -460 - -197. Let z = -253 - b. Calculate the highest common factor of z and d.
10
Let q = -42 + 88. Suppose -2*w + 436 = 5*c, -5*c = -w - 101 - 326. Let l = c - q. Calculate the highest common factor of 80 and l.
40
Let f be ((-319)/44 - -8)*4. What is the highest common factor of 1527 and f?
3
Let u = -4341 - -4474. Calculate the greatest common divisor of u and 2508.
19
Let f be ((-1)/(-1) - 3)/(3/(-171)). Let s be (-16 - 0)/((-3)/f). Let m be 16/7 + -2 - s/(-28). Calculate the greatest common factor of m and 22.
22
Suppose 184384 = 98*n + 6416. What is the greatest common divisor of 32 and n?
8
Let u = -253 - -257. Let h be 17 - (2 - (u + 2)). Calculate the highest common factor of h and 357.
21
Let p be (-4446486)/(-1881) - (-2)/19 - (0 + -5). Calculate the highest common factor of 412 and p.
103
Suppose -5*k - 3*z + 148 = 0, -z - 24 = 2*k - 82. Calculate the highest common divisor of 54 and k.
2
Let i = 95 + -92. Let y be 58 + -37 + 2*i. Calculate the greatest common divisor of 3 and y.
3
Suppose 0 = 4497*r - 4495*r - 40. What is the highest common divisor of 1870 and r?
10
Let p = 99256 - 69879. What is the greatest common factor of 29 and p?
29
Let q(l) = -11*l - 4. Let i be q(-4). Let w(o) = -2*o**3 + 134*o**2 - 1227*o - 19. Let k be w(11). What is the highest common divisor of k and i?
4
Let k = 460 + -201. Let m(t) = -t**3 - 23*t**2 + 47*t - 38. Let w be m(-25). What is the highest common factor of k and w?
37
Let i be ((-3)/5)/((-384)/8960). Suppose -88*r - 700 = -90*r. What is the highest common factor of r and i?
14
Let h be ((-2490)/2241)/((-2)/36). Calculate the highest common divisor of h and 260.
20
Let t(q) = -21 - 39 - 6*q - 20 + 3*q. Let d be t(-32). Calculate the greatest common divisor of d and 12.
4
Suppose n - 3*p - 120 = 0, 8*n + 4*p + 1088 = 19*n. What is the highest common divisor of n and 8280?
24
Let p = 16132 - 15986. What is the greatest common factor of 28178 and p?
146
Suppose -3*h - 64 = -5*r, -49 + 5 = 3*h + 5*r. Let z be 1 + 40/h - (-4)/18. Let w be (-4)/(-4)*-6*z*3. What is the highest common divisor of w and 24?
6
Let k = 6145 + 2688. Calculate the highest common factor of 146 and k.
73
Let a be (-8 + 9)*((-12)/(-4))/((-6)/(-2)). Calculate the greatest common divisor of a and 1108.
1
Let l = 941 + -853. Suppose 4*d - l = 4*g, 2*d - 2*g = -6*g + 38. Calculate the greatest common factor of d and 14.
7
Let o(n) = 11*n**2 + 6*n + 256 - 126 - 127. Let f be o(-2). Let w be 1/((-1)/3) + f + 4. Calculate the highest common factor of 24 and w.
12
Suppose -2*w + 0*w + 50 = 0. Suppose 2*y - 25 = 3*d, -10771*y + 5 = -10773*y - 3*d. What is the greatest common factor of y and w?
5
Let l be ((-9 + 3)/6)/((-3)/447). Let v(k) = -2*k**2 + 3*k + 1. Let x be v(-6). Let i = l + x. Calculate the greatest common factor of i and 24.
12
Suppose -7*h + 3 - 3 = 0. Suppose 11*c - 5*c + 24 = h. Let j be 34/(1/(-16)*c). Calculate the greatest common factor of j and 8.
8
Let a(o) = -55*o + 45 + 112*o - 44*o. Let u be a(-3). Let x = 100 - 34. What is the highest common factor of x and u?
6
Suppose -17*r = -22*r + 5*l + 4470, -l = 2. What is the greatest common divisor of 4 and r?
4
Suppose -272 - 108 = -19*g. What is the greatest common divisor of g and 35?
5
Let m = -114 + 127. Suppose 2*n - 6 = -2*j, -m*n = -10*n - 5*j + 7. Calculate the greatest common factor of n and 3.
1
Suppose 0 = 12*u - 2264 + 7064. Let g = -398 - u. What is the highest common divisor of 13 and g?
1
Let r(g) = -g**3 - 12*g**2 + g - 12. Let l be r(-13). Let a = 259 - 195. Calculate the highest common factor of a and l.
16
Suppose -5*j + 26*c + 2545 = 21*c, 2*j + 5*c - 990 = 0. Calculate the greatest common divisor of j and 909.
101
Let l(o) = 6*o + 17. Let w be l(8). Let n(t) = -t**2 + 48*t + 260. Let x be n(52). What is the highest common factor of x and w?
13
Let v = 28568 - 18840. What is the greatest common factor of v and 19?
19
Let y be 29852/204 - (-4)/6. Suppose y = 5*l - 28. What is the greatest common factor of 7 and l?
7
Let o = 652 - 583. Let b = 731 - -442. What 